number?
False
Is 8688338 prime?
False
Is 12392201 a composite number?
True
Is 163378 a composite number?
True
Is 14094301 prime?
False
Is 3206321 a prime number?
True
Is 83201617 prime?
False
Is 36543781 a composite number?
False
Is 39104617 a prime number?
False
Is 29925055 a prime number?
False
Is 23662577 a prime number?
True
Is 4806161 prime?
True
Is 11782829 a composite number?
False
Is 13204621 a composite number?
True
Is 52881511 composite?
False
Is 649897 composite?
False
Is 28494691 prime?
True
Is 4059177 a prime number?
False
Is 251371 a composite number?
True
Is 16303211 prime?
True
Is 12068317 prime?
False
Is 83359 prime?
False
Is 309729235 composite?
True
Is 44508341 a composite number?
False
Is 29426974 a composite number?
True
Is 266529037 a composite number?
True
Is 7049531 a composite number?
False
Is 1583689 prime?
True
Is 24457967 a prime number?
True
Is 151478323 composite?
False
Is 16411 a composite number?
False
Is 5322293 prime?
False
Is 44749037 a composite number?
False
Is 251315149 a composite number?
False
Is 1133213 prime?
False
Is 493223 a composite number?
True
Is 4957261 a prime number?
True
Is 137535931 a prime number?
False
Is 166891 a prime number?
False
Is 2967071 composite?
True
Is 16974341 a composite number?
False
Is 96422687 prime?
True
Is 4262785 prime?
False
Is 2646043 composite?
True
Is 4538197 a prime number?
True
Is 6889739 prime?
True
Is 16512247 composite?
True
Is 175692869 prime?
False
Is 312110509 composite?
False
Is 210347 a composite number?
False
Is 425510213 prime?
True
Is 3640613 a composite number?
True
Is 3239507 composite?
False
Is 3212639 prime?
True
Is 348559 prime?
True
Is 27590831 a prime number?
False
Is 29187007 prime?
False
Is 39002902 composite?
True
Is 32817743 a composite number?
True
Is 88631327 composite?
False
Is 3544339 a prime number?
True
Is 314594187 a prime number?
False
Is 40262833 a prime number?
False
Is 6874411 composite?
True
Is 425779 composite?
False
Is 762733661 a prime number?
False
Is 3883379 prime?
True
Is 94809263 a composite number?
True
Is 175166857 a composite number?
False
Is 47574977 a prime number?
True
Is 193907 prime?
False
Is 9637141 prime?
False
Is 1904509 a prime number?
True
Is 70914041 prime?
False
Is 28915961 a prime number?
False
Is 884353 prime?
True
Is 4412033 prime?
True
Is 1196701 composite?
True
Is 9738449 prime?
False
Is 4661693 prime?
True
Is 12923593 a composite number?
False
Is 343253 a prime number?
True
Is 3560069 a prime number?
False
Is 129849919 a prime number?
True
Is 9701635 prime?
False
Is 8151883 a composite number?
True
Is 4995421 prime?
True
Is 1263469085 a prime number?
False
Is 2672987 a composite number?
False
Is 1864201 a composite number?
True
Is 14688461 composite?
False
Is 486413 a composite number?
True
Is 670894258 a prime number?
False
Is 27545137 composite?
False
Is 1017577 prime?
False
Is 92956147 a composite number?
False
Is 1384049 composite?
True
Is 697163 composite?
True
Is 393952183 a composite number?
False
Is 242273719 composite?
False
Is 2569891 a composite number?
False
Is 48773101 a composite number?
True
Is 492843199 a composite number?
True
Is 91172073 composite?
True
Is 21625433 prime?
False
Is 1538807 a prime number?
True
Is 3101402 a prime number?
False
Is 10538237 composite?
False
Is 75601271 prime?
True
Is 19634647 composite?
False
Is 1932503 prime?
True
Is 233009885 a composite number?
True
Is 8124049 a composite number?
True
Is 388290311 composite?
True
Is 8178515 a prime number?
False
Is 212870377 a prime number?
True
Is 297079457 a prime number?
True
Is 61368097 composite?
True
Is 616747 prime?
False
Is 36406673 a prime number?
False
Is 14507683 composite?
True
Is 381513437 prime?
True
Is 7708499 a prime number?
True
Is 3499651 a composite number?
False
Is 21456787 a prime number?
False
Is 3448901 a composite number?
True
Is 159592141 a prime number?
False
Is 171396439 prime?
True
Is 69829969 a composite number?
True
Is 102287587 a prime number?
True
Is 16873781 prime?
True
Is 40569437 a composite number?
False
Is 109508161 a prime number?
False
Is 4472123 a composite number?
True
Is 532010931 prime?
False
Is 19077433 a prime number?
True
Is 59222759 composite?
False
Is 22049707 prime?
False
Is 4966129 prime?
False
Is 13989 a prime number?
False
Is 19769941 composite?
False
Is 61710881 a composite number?
False
Is 23012599 a prime number?
True
Is 3044707 prime?
False
Is 6054947 a prime number?
True
Is 98612863 a composite number?
False
Is 79467251 a composite number?
False
Is 10624247 a composite number?
False
Is 168061147 a composite number?
True
Is 37749721 a composite number?
False
Is 1745659 a composite number?
True
Is 4634941 composite?
True
Is 157345 composite?
True
Is 337996433 a composite number?
False
Is 6835201 a composite number?
False
Is 15219293 prime?
True
Is 324806917 a composite number?
False
Is 28407053 composite?
False
Is 2089473 a prime number?
False
Is 293201 composite?
False
Is 865933 a prime number?
True
Is 88619507 composite?
True
Is 8180455 prime?
False
Is 17879903 a prime number?
False
Is 514281091 a composite number?
False
Is 11007233 a prime number?
True
Is 3428351 a composite number?
True
Is 20376451 composite?
True
Is 11085077 composite?
False
Is 6293473 a composite number?
False
Is 5613505 prime?
False
Is 55777123 composite?
False
Is 934079 a prime number?
True
Is 16341583 composite?
True
Is 115822667 composite?
False
Is 8208139 a composite number?
True
Is 467827 composite?
False
Is 46003733 prime?
True
Is 26586097 composite?
True
Is 91895995 composite?
True
Is 1942349 composite?
False
Is 2505319 a prime number?
False
Is 1878377 composite?
True
Is 3666301 prime?
True
Is 3159217 prime?
False
Is 3437191 composite?
False
Is 6205933 prime?
False
Is 138696689 a composite number?
False
Is 780793483 composite?
False
Is 3113031 composite?
True
Is 32735411 a prime number?
False
Is 195456269 a prime number?
True
Is 130247173 composite?
True
Is 36122617 a prime number?
True
Is 6079961 prime?
True
Is 20876803 prime?
False
Is 39643567 prime?
False
Is 9113647 a prime number?
False
Is 3025105 a prime number?
False
Is 60838369 a composite number?
False
Is 4016017 prime?
False
Is 8332111 a prime number?
True
Is 22804993 a prime number?
False
Is 995881 a composite number?
False
Is 68144203 a composite number?
True
Is 200842189 prime?
True
Is 50846 a composite number?
True
Is 16154213 a prime number?
False
Is 180182357 a prime number?
True
Is 6299501 a composite number?
True
Is 546937 a composite number?
False
Is 8879811 prime?
False
Is 471488079 a composite number?
True
Is 175066233 composite?
True
Is 2799359 a prime number?
False
Is 5044277 a composite number?
True
Is 3778007 composite?
False
Is 329598781 a composite number?
False
Is 44803739 prime?
True
Is 93680239 composite?
False
Is 100063 prime?
False
Is 33838193 a prime number?
True
Is 333449687 composite?
True
Is 13539107 composite?
True
Is 10080373 a composite number?
True
Is 1006645 prime?
False
Is 82518461 composite?
False
Is 26165689 a prime number?
False
Is 7245439 a composite number?
False
Is 2086099 a composite number?
True
Is 336059 a composite number?
False
Is 24649571 prime?
True
Is 38167 a composite number?
False
Is 401915069 a prime number?
True
Is 2952029 prime?
True
Is 3528433 prime?
False
Is 89708611 prime?
False
Is 1382783581 a prime number?
True
Is 489671317 prime?
False
Is 106633867 prime?
False
Is 91175803 a composite number?
False
Is 20052281 a composite number?
False
Is 649219 composite?
True
Is 3349979 a prime number?
False
Is 5383285 composite?
True
Is 30795307 composite?
True
Is 3458407 a prime number?
True
Is 51375119 composite?
False
Is 5977529 prime?
False
Is 26459963 a prime number?
False
Is 10265987 a prime number?
True
Is 893911001 prime?
False
Is 62691779 a composite number?
True
Is 16270523 a composite number?
True
Is 42776371 composite?
True
Is 1910497 composite?
True
Is 33119797 a prime number?
True
Is 39947683 a prime number?
False
Is 1602641 prime?
False
Is 10494763 composite?
True
Is 12246529 a composite number?
True
Is 7301279 a composite number?
True
Is 133738487 a composite number?
True
Is 41367895 composite?
True
Is 1770799 a composite number?
False
Is 168797611 a composite numb